{"id":32,"date":"2025-06-19T14:40:17","date_gmt":"2025-06-19T12:40:17","guid":{"rendered":"https:\/\/grauwodzenia.pl\/?page_id=32"},"modified":"2025-08-17T09:07:51","modified_gmt":"2025-08-17T07:07:51","slug":"32-2","status":"publish","type":"page","link":"https:\/\/grauwodzenia.pl\/","title":{"rendered":"startowa"},"content":{"rendered":"\n<figure class=\"wp-block-image size-full\"><img loading=\"lazy\" decoding=\"async\" width=\"851\" height=\"315\" src=\"https:\/\/grauwodzenia.pl\/wp-content\/uploads\/2025\/08\/Gra-uwodzenia-1.png\" alt=\"\" class=\"wp-image-430\" srcset=\"https:\/\/grauwodzenia.pl\/wp-content\/uploads\/2025\/08\/Gra-uwodzenia-1.png 851w, https:\/\/grauwodzenia.pl\/wp-content\/uploads\/2025\/08\/Gra-uwodzenia-1-300x111.png 300w, https:\/\/grauwodzenia.pl\/wp-content\/uploads\/2025\/08\/Gra-uwodzenia-1-768x284.png 768w\" sizes=\"auto, (max-width: 851px) 100vw, 851px\" \/><\/figure>\n\n\n\n<p><\/p>\n\n\n\n<div class=\"wp-block-buttons is-content-justification-center is-layout-flex wp-container-core-buttons-is-layout-749adb30 wp-block-buttons-is-layout-flex\">\n<div class=\"wp-block-button\"><a class=\"wp-block-button__link has-text-color has-link-color has-large-font-size has-text-align-center has-custom-font-size wp-element-button\" href=\"https:\/\/grauwodzenia.pl\/index.php\/2025\/06\/15\/witaj-swiecie\/\" style=\"color:#c49f55\">Zacznij tutaj<\/a><\/div>\n\n\n\n<div class=\"wp-block-button\"><a class=\"wp-block-button__link has-text-color has-link-color has-large-font-size has-custom-font-size wp-element-button\" href=\"https:\/\/grauwodzenia.pl\/index.php\/2025\/06\/30\/milosc-to-strategia-zaczynamy-gre\/\" style=\"color:#c49f55\">Czytaj dalej<\/a><\/div>\n<\/div>\n\n\n\n<p><\/p>\n\n\n\n<div class=\"wp-block-buttons is-content-justification-center is-layout-flex wp-container-core-buttons-is-layout-72caf8c6 wp-block-buttons-is-layout-flex\">\n<div class=\"wp-block-button\"><a class=\"wp-block-button__link has-text-color has-link-color has-large-font-size has-text-align-center has-custom-font-size wp-element-button\" href=\"https:\/\/grauwodzenia.pl\/index.php\/kategorie\/\" style=\"color:#c49f55\">Kategorie<\/a><\/div>\n\n\n\n<div class=\"wp-block-button\"><a class=\"wp-block-button__link has-text-color has-link-color has-large-font-size has-custom-font-size wp-element-button\" href=\"https:\/\/grauwodzenia.pl\/index.php\/naucz-sie-miec-kontrole\/\" style=\"color:#c49f55\">B\u0105d\u017a na bie\u017c\u0105co<\/a><\/div>\n<\/div>\n\n\n\n<div class=\"wp-block-query is-layout-flow wp-block-query-is-layout-flow\"><ul class=\"wp-block-post-template is-layout-flow wp-block-post-template-is-layout-flow\"><li class=\"wp-block-post post-466 post type-post status-publish format-standard has-post-thumbnail hentry category-wplyw\">\n<h2 class=\"has-link-color wp-elements-bef23f01b38456799f91dc492a664d0e wp-block-post-title has-text-color has-custom-color-1-color\"><a href=\"https:\/\/grauwodzenia.pl\/index.php\/2026\/03\/11\/zdobadzmy-go\/\" target=\"_self\" >Techniki wywierania wp\u0142ywu &#8211; niedosyt<\/a><\/h2>\n\n<figure class=\"alignwide wp-block-post-featured-image\"><a href=\"https:\/\/grauwodzenia.pl\/index.php\/2026\/03\/11\/zdobadzmy-go\/\" target=\"_self\"  ><img loading=\"lazy\" decoding=\"async\" width=\"1707\" height=\"2560\" src=\"https:\/\/grauwodzenia.pl\/wp-content\/uploads\/2026\/03\/pexels-krivitskiy-1572878-scaled.jpg\" class=\"attachment-post-thumbnail size-post-thumbnail wp-post-image\" alt=\"Techniki wywierania wp\u0142ywu &#8211; niedosyt\" style=\"object-fit:cover;\" srcset=\"https:\/\/grauwodzenia.pl\/wp-content\/uploads\/2026\/03\/pexels-krivitskiy-1572878-scaled.jpg 1707w, https:\/\/grauwodzenia.pl\/wp-content\/uploads\/2026\/03\/pexels-krivitskiy-1572878-200x300.jpg 200w, https:\/\/grauwodzenia.pl\/wp-content\/uploads\/2026\/03\/pexels-krivitskiy-1572878-683x1024.jpg 683w, https:\/\/grauwodzenia.pl\/wp-content\/uploads\/2026\/03\/pexels-krivitskiy-1572878-768x1152.jpg 768w, https:\/\/grauwodzenia.pl\/wp-content\/uploads\/2026\/03\/pexels-krivitskiy-1572878-1024x1536.jpg 1024w, https:\/\/grauwodzenia.pl\/wp-content\/uploads\/2026\/03\/pexels-krivitskiy-1572878-1365x2048.jpg 1365w\" sizes=\"auto, (max-width: 1707px) 100vw, 1707px\" \/><\/a><\/figure>\n\n<div class=\"wp-block-post-excerpt\"><p class=\"wp-block-post-excerpt__excerpt\">Niedosyt to klucz! Zawsze! Nie tylko nas ok\u0142amano. M\u0119\u017cczy\u017ani r\u00f3wnie\u017c zostali pi\u0119knie wpuszczeni w kana\u0142. Bo powiedz sama \u2013 gdyby\u015b by\u0142a m\u0119\u017cczyzn\u0105 i chcia\u0142aby\u015b zdoby\u0107 kobiet\u0119, to jak by\u015b post\u0119powa\u0142a? Zapewne zasypa\u0142aby\u015b j\u0105 kwiatami, propozycjami ekscytuj\u0105cych randek, k\u0105pieli w p\u0142atkach r\u00f3\u017c i w\u0142asnor\u0119cznie przygotowanych kolacji. Och, jak my o tym marzymy\u2026 Czy to nie brzmi&hellip; <\/p><\/div>\n\n\n<hr class=\"wp-block-separator has-css-opacity\"\/>\n\n\n<div class=\"wp-block-post-date\"><time datetime=\"2026-03-11T11:54:55+01:00\">2026-03-11<\/time><\/div>\n<\/li><li class=\"wp-block-post post-448 post type-post status-publish format-standard has-post-thumbnail hentry category-zdobadzmy_go\">\n<h2 class=\"has-link-color wp-elements-bef23f01b38456799f91dc492a664d0e wp-block-post-title has-text-color has-custom-color-1-color\"><a href=\"https:\/\/grauwodzenia.pl\/index.php\/2025\/12\/15\/zdobadzmy-go-1-pierwszy-kontakt\/\" target=\"_self\" >Zdob\u0105d\u017amy go! 1. Pierwszy kontakt<\/a><\/h2>\n\n<figure class=\"alignwide wp-block-post-featured-image\"><a href=\"https:\/\/grauwodzenia.pl\/index.php\/2025\/12\/15\/zdobadzmy-go-1-pierwszy-kontakt\/\" target=\"_self\"  ><img loading=\"lazy\" decoding=\"async\" width=\"1707\" height=\"2560\" src=\"https:\/\/grauwodzenia.pl\/wp-content\/uploads\/2025\/12\/pexels-luizmartins-3990562-scaled.jpg\" class=\"attachment-post-thumbnail size-post-thumbnail wp-post-image\" alt=\"Zdob\u0105d\u017amy go! 1. Pierwszy kontakt\" style=\"object-fit:cover;\" srcset=\"https:\/\/grauwodzenia.pl\/wp-content\/uploads\/2025\/12\/pexels-luizmartins-3990562-scaled.jpg 1707w, https:\/\/grauwodzenia.pl\/wp-content\/uploads\/2025\/12\/pexels-luizmartins-3990562-200x300.jpg 200w, https:\/\/grauwodzenia.pl\/wp-content\/uploads\/2025\/12\/pexels-luizmartins-3990562-683x1024.jpg 683w, https:\/\/grauwodzenia.pl\/wp-content\/uploads\/2025\/12\/pexels-luizmartins-3990562-768x1152.jpg 768w, https:\/\/grauwodzenia.pl\/wp-content\/uploads\/2025\/12\/pexels-luizmartins-3990562-1024x1536.jpg 1024w, https:\/\/grauwodzenia.pl\/wp-content\/uploads\/2025\/12\/pexels-luizmartins-3990562-1365x2048.jpg 1365w\" sizes=\"auto, (max-width: 1707px) 100vw, 1707px\" \/><\/a><\/figure>\n\n<div class=\"wp-block-post-excerpt\"><p class=\"wp-block-post-excerpt__excerpt\">Mog\u0119 z ca\u0142\u0105 pewno\u015bci\u0105 powiedzie\u0107, \u017ce mam wieloletnie do\u015bwiadczenie w zdobywaniu m\u0119\u017cczyzn. Nie dlatego, \u017ce zawsze by\u0142o mi \u0142atwo, ale dlatego, \u017ce nigdy nie interesowali mnie ci, kt\u00f3rzy wyra\u017anie i otwarcie okazywali ch\u0119\u0107 wej\u015bcia w zwi\u0105zek ze mna. Nie b\u0119d\u0119 si\u0119 tutaj zastanawia\u0107, dlaczego wy\u0142\u0105cznie m\u0119\u017cczy\u017ani niedost\u0119pni znajdowali si\u0119 w kr\u0119gu moich zainteresowa\u0144. Ten temat&hellip; <\/p><\/div>\n\n\n<hr class=\"wp-block-separator has-css-opacity\"\/>\n\n\n<div class=\"wp-block-post-date\"><time datetime=\"2025-12-15T20:05:04+01:00\">2025-12-15<\/time><\/div>\n<\/li><li class=\"wp-block-post post-406 post type-post status-publish format-standard has-post-thumbnail hentry category-podstawy\">\n<h2 class=\"has-link-color wp-elements-bef23f01b38456799f91dc492a664d0e wp-block-post-title has-text-color has-custom-color-1-color\"><a href=\"https:\/\/grauwodzenia.pl\/index.php\/2025\/08\/16\/4-postawa-3-oczekiwania-najwiekszy-wrog-milosci\/\" target=\"_self\" >5. Postawa 3: Oczekiwania \u2013 najwi\u0119kszy wr\u00f3g mi\u0142o\u015bci<\/a><\/h2>\n\n<figure class=\"alignwide wp-block-post-featured-image\"><a href=\"https:\/\/grauwodzenia.pl\/index.php\/2025\/08\/16\/4-postawa-3-oczekiwania-najwiekszy-wrog-milosci\/\" target=\"_self\"  ><img loading=\"lazy\" decoding=\"async\" width=\"2448\" height=\"1632\" src=\"https:\/\/grauwodzenia.pl\/wp-content\/uploads\/2025\/08\/pexels-pixabay-247304.jpg\" class=\"attachment-post-thumbnail size-post-thumbnail wp-post-image\" alt=\"5. Postawa 3: Oczekiwania \u2013 najwi\u0119kszy wr\u00f3g mi\u0142o\u015bci\" style=\"object-fit:cover;\" srcset=\"https:\/\/grauwodzenia.pl\/wp-content\/uploads\/2025\/08\/pexels-pixabay-247304.jpg 2448w, https:\/\/grauwodzenia.pl\/wp-content\/uploads\/2025\/08\/pexels-pixabay-247304-300x200.jpg 300w, https:\/\/grauwodzenia.pl\/wp-content\/uploads\/2025\/08\/pexels-pixabay-247304-1024x683.jpg 1024w, https:\/\/grauwodzenia.pl\/wp-content\/uploads\/2025\/08\/pexels-pixabay-247304-768x512.jpg 768w, https:\/\/grauwodzenia.pl\/wp-content\/uploads\/2025\/08\/pexels-pixabay-247304-1536x1024.jpg 1536w, https:\/\/grauwodzenia.pl\/wp-content\/uploads\/2025\/08\/pexels-pixabay-247304-2048x1365.jpg 2048w\" sizes=\"auto, (max-width: 2448px) 100vw, 2448px\" \/><\/a><\/figure>\n\n<div class=\"wp-block-post-excerpt\"><p class=\"wp-block-post-excerpt__excerpt\">Czy m\u0119\u017cczy\u017ani stale nas zawodz\u0105? Zaskocz\u0119 Ci\u0119! Daj mi chwile! Nie wiem, czy ju\u017c wspomina\u0142am o tym, jak nasza kultura Zachodu krzywdzi kobiety. Grzmi\u0119 i wo\u0142am: zosta\u0142y\u015bmy ok\u0142amane i skrzywdzone! Nie krzywd\u017amy swoich c\u00f3rek, nie wpajajmy im bajek, kt\u00f3re potem rozbijaj\u0105 ich serca. <\/p><\/div>\n\n\n<hr class=\"wp-block-separator has-css-opacity\"\/>\n\n\n<div class=\"wp-block-post-date\"><time datetime=\"2025-08-16T18:26:08+02:00\">2025-08-16<\/time><\/div>\n<\/li><li class=\"wp-block-post post-386 post type-post status-publish format-standard has-post-thumbnail hentry category-podstawy\">\n<h2 class=\"has-link-color wp-elements-bef23f01b38456799f91dc492a664d0e wp-block-post-title has-text-color has-custom-color-1-color\"><a href=\"https:\/\/grauwodzenia.pl\/index.php\/2025\/07\/13\/4-postawa-2-cieplo-jest-waluta-wplywu-naucz-sie-nim-zarzadzac\/\" target=\"_self\" >4. Postawa 2: Ciep\u0142o jest walut\u0105 wp\u0142ywu. Naucz si\u0119 nim zarz\u0105dza\u0107.<\/a><\/h2>\n\n<figure class=\"alignwide wp-block-post-featured-image\"><a href=\"https:\/\/grauwodzenia.pl\/index.php\/2025\/07\/13\/4-postawa-2-cieplo-jest-waluta-wplywu-naucz-sie-nim-zarzadzac\/\" target=\"_self\"  ><img loading=\"lazy\" decoding=\"async\" width=\"2550\" height=\"2560\" src=\"https:\/\/grauwodzenia.pl\/wp-content\/uploads\/2025\/07\/pexels-athena-1758144-scaled.jpg\" class=\"attachment-post-thumbnail size-post-thumbnail wp-post-image\" alt=\"4. Postawa 2: Ciep\u0142o jest walut\u0105 wp\u0142ywu. Naucz si\u0119 nim zarz\u0105dza\u0107.\" style=\"object-fit:cover;\" srcset=\"https:\/\/grauwodzenia.pl\/wp-content\/uploads\/2025\/07\/pexels-athena-1758144-scaled.jpg 2550w, https:\/\/grauwodzenia.pl\/wp-content\/uploads\/2025\/07\/pexels-athena-1758144-300x300.jpg 300w, https:\/\/grauwodzenia.pl\/wp-content\/uploads\/2025\/07\/pexels-athena-1758144-1020x1024.jpg 1020w, https:\/\/grauwodzenia.pl\/wp-content\/uploads\/2025\/07\/pexels-athena-1758144-150x150.jpg 150w, https:\/\/grauwodzenia.pl\/wp-content\/uploads\/2025\/07\/pexels-athena-1758144-768x771.jpg 768w, https:\/\/grauwodzenia.pl\/wp-content\/uploads\/2025\/07\/pexels-athena-1758144-1530x1536.jpg 1530w, https:\/\/grauwodzenia.pl\/wp-content\/uploads\/2025\/07\/pexels-athena-1758144-2040x2048.jpg 2040w\" sizes=\"auto, (max-width: 2550px) 100vw, 2550px\" \/><\/a><\/figure>\n\n<div class=\"wp-block-post-excerpt\"><p class=\"wp-block-post-excerpt__excerpt\">Jak jednym prostym gestem sprawi\u0107, \u017ce on zn\u00f3w zacznie si\u0119 stara\u0107 \u2013 bez pretensji, bez dramat\u00f3w? To nie manipulacja. To energia, kt\u00f3ra dzia\u0142a od pierwszej wiadomo\u015bci\u2026 a\u017c po stabilny zwi\u0105zek. Wszystko zaczyna si\u0119 od tego, co dajesz. I od tego, co potrafisz na chwil\u0119 odebra\u0107. <\/p><\/div>\n\n\n<hr class=\"wp-block-separator has-css-opacity\"\/>\n\n\n<div class=\"wp-block-post-date\"><time datetime=\"2025-07-13T19:26:27+02:00\">2025-07-13<\/time><\/div>\n<\/li><li class=\"wp-block-post post-363 post type-post status-publish format-standard has-post-thumbnail hentry category-podstawy\">\n<h2 class=\"has-link-color wp-elements-bef23f01b38456799f91dc492a664d0e wp-block-post-title has-text-color has-custom-color-1-color\"><a href=\"https:\/\/grauwodzenia.pl\/index.php\/2025\/07\/10\/postawa-1\/\" target=\"_self\" >3. Postawa 1: Styl, kt\u00f3ry daje przewag\u0119. O sile skupienia na sobie.<\/a><\/h2>\n\n<figure class=\"alignwide wp-block-post-featured-image\"><a href=\"https:\/\/grauwodzenia.pl\/index.php\/2025\/07\/10\/postawa-1\/\" target=\"_self\"  ><img loading=\"lazy\" decoding=\"async\" width=\"2560\" height=\"1707\" src=\"https:\/\/grauwodzenia.pl\/wp-content\/uploads\/2025\/07\/pexels-marlon-alves-2016519-13723099-scaled.jpg\" class=\"attachment-post-thumbnail size-post-thumbnail wp-post-image\" alt=\"3. Postawa 1: Styl, kt\u00f3ry daje przewag\u0119. O sile skupienia na sobie.\" style=\"object-fit:cover;\" srcset=\"https:\/\/grauwodzenia.pl\/wp-content\/uploads\/2025\/07\/pexels-marlon-alves-2016519-13723099-scaled.jpg 2560w, https:\/\/grauwodzenia.pl\/wp-content\/uploads\/2025\/07\/pexels-marlon-alves-2016519-13723099-300x200.jpg 300w, https:\/\/grauwodzenia.pl\/wp-content\/uploads\/2025\/07\/pexels-marlon-alves-2016519-13723099-1024x683.jpg 1024w, https:\/\/grauwodzenia.pl\/wp-content\/uploads\/2025\/07\/pexels-marlon-alves-2016519-13723099-768x512.jpg 768w, https:\/\/grauwodzenia.pl\/wp-content\/uploads\/2025\/07\/pexels-marlon-alves-2016519-13723099-1536x1024.jpg 1536w, https:\/\/grauwodzenia.pl\/wp-content\/uploads\/2025\/07\/pexels-marlon-alves-2016519-13723099-2048x1365.jpg 2048w\" sizes=\"auto, (max-width: 2560px) 100vw, 2560px\" \/><\/a><\/figure>\n\n<div class=\"wp-block-post-excerpt\"><p class=\"wp-block-post-excerpt__excerpt\">Nie zaczniesz prawdziwej gry o mi\u0142o\u015b\u0107, je\u015bli najpierw nie zagrasz o siebie. Ten tekst to nie poradnik, jak go zdoby\u0107. To mapa powrotu do w\u0142asnej si\u0142y. <\/p><\/div>\n\n\n<hr class=\"wp-block-separator has-css-opacity\"\/>\n\n\n<div class=\"wp-block-post-date\"><time datetime=\"2025-07-10T20:22:16+02:00\">2025-07-10<\/time><\/div>\n<\/li><li class=\"wp-block-post post-194 post type-post status-publish format-standard has-post-thumbnail hentry category-podstawy\">\n<h2 class=\"has-link-color wp-elements-bef23f01b38456799f91dc492a664d0e wp-block-post-title has-text-color has-custom-color-1-color\"><a href=\"https:\/\/grauwodzenia.pl\/index.php\/2025\/06\/30\/milosc-to-strategia-zaczynamy-gre\/\" target=\"_self\" >2. Mi\u0142o\u015b\u0107 to strategia. Zaczynamy gr\u0119.<\/a><\/h2>\n\n<figure class=\"alignwide wp-block-post-featured-image\"><a href=\"https:\/\/grauwodzenia.pl\/index.php\/2025\/06\/30\/milosc-to-strategia-zaczynamy-gre\/\" target=\"_self\"  ><img loading=\"lazy\" decoding=\"async\" width=\"2560\" height=\"1839\" src=\"https:\/\/grauwodzenia.pl\/wp-content\/uploads\/2025\/06\/pexels-marlon-alves-2016519-17054114-1-scaled.jpg\" class=\"attachment-post-thumbnail size-post-thumbnail wp-post-image\" alt=\"2. Mi\u0142o\u015b\u0107 to strategia. Zaczynamy gr\u0119.\" style=\"object-fit:cover;\" srcset=\"https:\/\/grauwodzenia.pl\/wp-content\/uploads\/2025\/06\/pexels-marlon-alves-2016519-17054114-1-scaled.jpg 2560w, https:\/\/grauwodzenia.pl\/wp-content\/uploads\/2025\/06\/pexels-marlon-alves-2016519-17054114-1-300x216.jpg 300w, https:\/\/grauwodzenia.pl\/wp-content\/uploads\/2025\/06\/pexels-marlon-alves-2016519-17054114-1-1024x736.jpg 1024w, https:\/\/grauwodzenia.pl\/wp-content\/uploads\/2025\/06\/pexels-marlon-alves-2016519-17054114-1-768x552.jpg 768w, https:\/\/grauwodzenia.pl\/wp-content\/uploads\/2025\/06\/pexels-marlon-alves-2016519-17054114-1-1536x1104.jpg 1536w, https:\/\/grauwodzenia.pl\/wp-content\/uploads\/2025\/06\/pexels-marlon-alves-2016519-17054114-1-2048x1472.jpg 2048w\" sizes=\"auto, (max-width: 2560px) 100vw, 2560px\" \/><\/a><\/figure>\n\n<div class=\"wp-block-post-excerpt\"><p class=\"wp-block-post-excerpt__excerpt\">Mi\u0142o\u015b\u0107 nie jest romantyczna. Jest skuteczna. Albo nie dzia\u0142a. Bo czu\u0142o\u015b\u0107 to jedno. Strategia to drugie. <\/p><\/div>\n\n\n<hr class=\"wp-block-separator has-css-opacity\"\/>\n\n\n<div class=\"wp-block-post-date\"><time datetime=\"2025-06-30T20:16:52+02:00\">2025-06-30<\/time><\/div>\n<\/li><li class=\"wp-block-post post-1 post type-post status-publish format-standard has-post-thumbnail hentry category-podstawy\">\n<h2 class=\"has-link-color wp-elements-bef23f01b38456799f91dc492a664d0e wp-block-post-title has-text-color has-custom-color-1-color\"><a href=\"https:\/\/grauwodzenia.pl\/index.php\/2025\/06\/15\/witaj-swiecie\/\" target=\"_self\" >1. Dlaczego ten blog powsta\u0142 i dlaczego zmieni Twoje relacje<\/a><\/h2>\n\n<figure class=\"alignwide wp-block-post-featured-image\"><a href=\"https:\/\/grauwodzenia.pl\/index.php\/2025\/06\/15\/witaj-swiecie\/\" target=\"_self\"  ><img loading=\"lazy\" decoding=\"async\" width=\"2560\" height=\"2320\" src=\"https:\/\/grauwodzenia.pl\/wp-content\/uploads\/2025\/06\/pexels-marlon-alves-2016519-7044382-scaled.jpg\" class=\"attachment-post-thumbnail size-post-thumbnail wp-post-image\" alt=\"1. Dlaczego ten blog powsta\u0142 i dlaczego zmieni Twoje relacje\" style=\"object-fit:cover;\" srcset=\"https:\/\/grauwodzenia.pl\/wp-content\/uploads\/2025\/06\/pexels-marlon-alves-2016519-7044382-scaled.jpg 2560w, https:\/\/grauwodzenia.pl\/wp-content\/uploads\/2025\/06\/pexels-marlon-alves-2016519-7044382-300x272.jpg 300w, https:\/\/grauwodzenia.pl\/wp-content\/uploads\/2025\/06\/pexels-marlon-alves-2016519-7044382-1024x928.jpg 1024w, https:\/\/grauwodzenia.pl\/wp-content\/uploads\/2025\/06\/pexels-marlon-alves-2016519-7044382-768x696.jpg 768w, https:\/\/grauwodzenia.pl\/wp-content\/uploads\/2025\/06\/pexels-marlon-alves-2016519-7044382-1536x1392.jpg 1536w, https:\/\/grauwodzenia.pl\/wp-content\/uploads\/2025\/06\/pexels-marlon-alves-2016519-7044382-2048x1856.jpg 2048w\" sizes=\"auto, (max-width: 2560px) 100vw, 2560px\" \/><\/a><\/figure>\n\n<div class=\"wp-block-post-excerpt\"><p class=\"wp-block-post-excerpt__excerpt\">Czy mo\u017cna nauczy\u0107 si\u0119 wp\u0142ywu na m\u0119\u017cczyzn i emocji, kt\u00f3re nimi rz\u0105dz\u0105? Je\u015bli wiesz, \u017ce uwodzenie to psychologiczna gra \u2014 jeste\u015b we w\u0142a\u015bciwym miejscu. \ud83d\udc60 Wejd\u017a do \u015bwiata, w kt\u00f3rym to kobieta rozdaje karty. <\/p><\/div>\n\n\n<hr class=\"wp-block-separator has-css-opacity\"\/>\n\n\n<div class=\"wp-block-post-date\"><time datetime=\"2025-06-15T21:18:24+02:00\">2025-06-15<\/time><\/div>\n<\/li><\/ul><\/div>\n\n\n\n<div class=\"wp-block-query alignfull is-layout-flow wp-block-query-is-layout-flow\">\n<div class=\"wp-block-group is-layout-flow wp-block-group-is-layout-flow\" style=\"margin-top:0;margin-bottom:0;padding-top:var(--wp--preset--spacing--30);padding-right:16px;padding-bottom:var(--wp--preset--spacing--30);padding-left:16px\"><nav class=\"wp-block-query-pagination is-content-justification-left is-nowrap is-layout-flex wp-container-core-query-pagination-is-layout-fc9f69e7 wp-block-query-pagination-is-layout-flex\" aria-label=\"Stronicowanie\">\n\n\n<a href=\"\/index.php\/wp-json\/wp\/v2\/pages\/32?query-31-page=2\" style=\"text-transform:uppercase;\" class=\"wp-block-query-pagination-next has-small-font-size\">Next<\/a>\n<\/nav><\/div>\n<\/div>\n","protected":false},"excerpt":{"rendered":"","protected":false},"author":1,"featured_media":0,"parent":0,"menu_order":0,"comment_status":"closed","ping_status":"closed","template":"","meta":{"footnotes":""},"class_list":["post-32","page","type-page","status-publish","hentry"],"_links":{"self":[{"href":"https:\/\/grauwodzenia.pl\/index.php\/wp-json\/wp\/v2\/pages\/32","targetHints":{"allow":["GET"]}}],"collection":[{"href":"https:\/\/grauwodzenia.pl\/index.php\/wp-json\/wp\/v2\/pages"}],"about":[{"href":"https:\/\/grauwodzenia.pl\/index.php\/wp-json\/wp\/v2\/types\/page"}],"author":[{"embeddable":true,"href":"https:\/\/grauwodzenia.pl\/index.php\/wp-json\/wp\/v2\/users\/1"}],"replies":[{"embeddable":true,"href":"https:\/\/grauwodzenia.pl\/index.php\/wp-json\/wp\/v2\/comments?post=32"}],"version-history":[{"count":103,"href":"https:\/\/grauwodzenia.pl\/index.php\/wp-json\/wp\/v2\/pages\/32\/revisions"}],"predecessor-version":[{"id":434,"href":"https:\/\/grauwodzenia.pl\/index.php\/wp-json\/wp\/v2\/pages\/32\/revisions\/434"}],"wp:attachment":[{"href":"https:\/\/grauwodzenia.pl\/index.php\/wp-json\/wp\/v2\/media?parent=32"}],"curies":[{"name":"wp","href":"https:\/\/api.w.org\/{rel}","templated":true}]}}